{"id":51,"date":"2025-09-07T01:05:40","date_gmt":"2025-09-06T23:05:40","guid":{"rendered":"https:\/\/aikido-lyon.org\/adh4\/?page_id=51"},"modified":"2025-09-08T23:51:01","modified_gmt":"2025-09-08T21:51:01","slug":"inscription","status":"publish","type":"page","link":"https:\/\/aikido-lyon.org\/adh4\/inscription\/","title":{"rendered":"Inscription"},"content":{"rendered":"\n<h3 class=\"wp-block-heading\">Modalit\u00e9s<\/h3>\n\n\n\n<p>Pour vous inscrire au club, il vous faudra souscrire une cotisation annuelle vous permettant d&rsquo;acc\u00e9der \u00e0 tous les cours propos\u00e9s de septembre \u00e0 juin de l&rsquo;ann\u00e9e de suivante.<\/p>\n\n\n\n<h4 class=\"wp-block-heading\">Cotisation<\/h4>\n\n\n\n<ul class=\"wp-block-list\">\n<li>Adultes (\u00e0 partir de 16 ans) : <strong>170\u20ac<\/strong> pour tous les cours (licence f\u00e9d\u00e9rale comprise)<\/li>\n\n\n\n<li>Jeunes de 13 \u00e0 16 ans : <strong>100\u20ac<\/strong> pour le cours jeunes du Jeudi soir (licence f\u00e9d\u00e9rale comprise)<\/li>\n\n\n\n<li>Jeunes de moins de 13 ans (au 30 juin de l&rsquo;ann\u00e9e en cours) : <strong>90\u20ac<\/strong> pour le cours jeunes du Jeudi soir (licence f\u00e9d\u00e9rale comprise)<\/li>\n\n\n\n<li>Titulaire de la carte Pass&rsquo;R\u00e9gion : -30\u20ac sur le tarif d&rsquo;adh\u00e9sion<\/li>\n<\/ul>\n\n\n\n<h4 class=\"wp-block-heading\">Pi\u00e8ces \u00e0 fournir<\/h4>\n\n\n\n<ul class=\"wp-block-list\">\n<li>Certificat m\u00e9dical de non contre-indication \u00e0 la pratique de l\u2018A\u00efkido<br>(obligatoire en cas de nouvelle inscription, \u00e0 renouveler tous les 3 ans dans le cadre d&rsquo;une r\u00e9inscription)<br><em>Une copie lisible sera laiss\u00e9e au club et l\u2018original conserv\u00e9 par l\u2018adh\u00e9rent.<\/em><\/li>\n\n\n\n<li>1 photo d\u2018identit\u00e9 pour le passeport f\u00e9d\u00e9ral<\/li>\n<\/ul>\n\n\n\n<h4 class=\"wp-block-heading\">Mat\u00e9riel n\u00e9cessaire \u00e0 la pratique de l&rsquo;a\u00efkido<\/h4>\n\n\n\n<ul class=\"wp-block-list\">\n<li>La pratique de l&rsquo;a\u00efkido implique l&rsquo;achat d&rsquo;un kimono d&rsquo;entra\u00eenement nomm\u00e9\u00a0\u00ab\u00a0keigogi\u00a0\u00bb (ceux vendus pour le judo font parfaitement l&rsquo;affaire), et d&rsquo;une ceinture blanche.<\/li>\n\n\n\n<li>L&rsquo;a\u00efkido inclus aussi l&rsquo;utilisation d&rsquo;armes : bokken (sabre en bois), jo (b\u00e2ton en bois), et tanto (couteau en bois). Les armes sont n\u00e9cessaires mais il n&rsquo;est pas obligatoire de les acheter pour les premiers cours, le club pouvant en pr\u00eater aux d\u00e9butants, vous devrez par contre poss\u00e9der les v\u00f4tres si vous souhaitez vous rendre \u00e0 des stages le week-end.<\/li>\n\n\n\n<li>A\u00a0partir du troisi\u00e8me kyu (grade), le pratiquant ajoute \u00e0 sa tenue un hakama, il s&rsquo;agit d&rsquo;un large pantalon noir ou indigo qui se porte au dessus du pantalon du keikogi.\u00a0<\/li>\n\n\n\n<li>A l&rsquo;int\u00e9rieur du dojo, en dehors des tatamis, le pratiquant ne se d\u00e9place jamais pieds nus, il porte des sandales appel\u00e9es \u00ab\u00a0zoris\u00a0\u00bb. Vous pouvez acheter ces zoris dans un magasin de sport si vous le souhaitez, mais une paire de sandales ou tonges conviendront parfaitement.<\/li>\n<\/ul>\n\n\n\n<h4 class=\"wp-block-heading\">Stages<\/h4>\n\n\n\n<p>Dans la mesure de ressources suffisantes, l&rsquo;A\u00efkika\u00ef de Lyon peut rembourser aux adh\u00e9rents les stages suivants: f\u00e9d\u00e9raux, UFA ou d&rsquo;experts du Hombu dojo (enseignant \u00e0 Tokyo ou d\u00e9l\u00e9gu\u00e9s dans d&rsquo;autres pays).<\/p>\n\n\n\n<p><em><strong>Pour toutes informations compl\u00e9mentaires ou plus\u00a0simplement vous inscrire, pr\u00e9sentez-vous aux heures de cours.<\/strong><\/em><\/p>\n","protected":false},"excerpt":{"rendered":"<p>Modalit\u00e9s Pour vous inscrire au club, il vous faudra souscrire une cotisation annuelle vous permettant d&rsquo;acc\u00e9der \u00e0 tous les cours propos\u00e9s de septembre \u00e0 juin de l&rsquo;ann\u00e9e de suivante. Cotisation Pi\u00e8ces \u00e0 fournir Mat\u00e9riel n\u00e9cessaire \u00e0 la pratique de l&rsquo;a\u00efkido Stages Dans la mesure de ressources suffisantes, l&rsquo;A\u00efkika\u00ef de Lyon peut rembourser aux adh\u00e9rents les [&hellip;]<\/p>\n","protected":false},"author":1,"featured_media":0,"parent":0,"menu_order":0,"comment_status":"closed","ping_status":"closed","template":"","meta":{"footnotes":""},"class_list":["post-51","page","type-page","status-publish","hentry"],"_links":{"self":[{"href":"https:\/\/aikido-lyon.org\/adh4\/wp-json\/wp\/v2\/pages\/51","targetHints":{"allow":["GET"]}}],"collection":[{"href":"https:\/\/aikido-lyon.org\/adh4\/wp-json\/wp\/v2\/pages"}],"about":[{"href":"https:\/\/aikido-lyon.org\/adh4\/wp-json\/wp\/v2\/types\/page"}],"author":[{"embeddable":true,"href":"https:\/\/aikido-lyon.org\/adh4\/wp-json\/wp\/v2\/users\/1"}],"replies":[{"embeddable":true,"href":"https:\/\/aikido-lyon.org\/adh4\/wp-json\/wp\/v2\/comments?post=51"}],"version-history":[{"count":12,"href":"https:\/\/aikido-lyon.org\/adh4\/wp-json\/wp\/v2\/pages\/51\/revisions"}],"predecessor-version":[{"id":134,"href":"https:\/\/aikido-lyon.org\/adh4\/wp-json\/wp\/v2\/pages\/51\/revisions\/134"}],"wp:attachment":[{"href":"https:\/\/aikido-lyon.org\/adh4\/wp-json\/wp\/v2\/media?parent=51"}],"curies":[{"name":"wp","href":"https:\/\/api.w.org\/{rel}","templated":true}]}}