{"id":38,"date":"2025-09-07T00:40:21","date_gmt":"2025-09-06T22:40:21","guid":{"rendered":"https:\/\/aikido-lyon.org\/adh4\/?page_id=38"},"modified":"2025-09-08T23:22:04","modified_gmt":"2025-09-08T21:22:04","slug":"horaires-et-lieux-des-entrainements","status":"publish","type":"page","link":"https:\/\/aikido-lyon.org\/adh4\/horaires-et-lieux-des-entrainements\/","title":{"rendered":"Horaires et lieux"},"content":{"rendered":"\n<h3 class=\"wp-block-heading\">Calendrier hebdomadaire<\/h3>\n\n\n\n<p><em>(Veuillez noter, que le cours du lundi soir est dispens\u00e9 sur le dojo de l&rsquo;UFRAPS et non celui de rue Tronchet)<\/em><\/p>\n\n\n\n<style>\n    \/* Container du tableau *\/\n    .tableau {\n      display: flex;\n      flex-direction: row;\n      flex-wrap: wrap;\n    }\n\n    \/* Colonne = un jour avec ses donn\u00e9es *\/\n    .colonne {\n      flex: 1 1 18%; \/* 5 colonnes = environ 20% chacune *\/\n      box-sizing: border-box;\n      border: 1px solid var(--theme-primary-color);\n      min-width: 150px;\n    }\n\n    \/* En-t\u00eate du jour *\/\n    .colonne .jour {\n      font-weight: bold;\n      text-align: center;\n      color: #fff;\n      background-color: var(--theme-primary-color)\n    }\n\n    \/* Donn\u00e9es *\/\n    .donnee {\n      text-align: center;\n    }\n\n    .donnee p {\n      margin:1em\n    }\n\n    .line {\n      background-color: var(--theme-primary-color);\n      margin:0px;\n      height:2px;\n    }\n\n    \/* Responsive : empiler verticalement les colonnes sur petit \u00e9cran *\/\n    @media screen and (max-width: 1000px) {\n      .tableau {\n        flex-direction: column;\n      }\n\n      .colonne {\n        width: 100%;\n      }\n    }\n<\/style>\n<div class=\"tableau\">\n    <div class=\"colonne\">\n      <div class=\"jour\">LUNDI<\/div>\n      <div class=\"donnee\"><p><b>Patrick Rappillard<\/b><br\/>12h30-13h30<br\/><br\/><i>Dojo Tronchet<\/i><br\/><\/p><hr class=\"line\"\/><\/div>\n      <div class=\"donnee\"><p><b>Philippe Montagnier<\/b><br\/>20h00-22h00<br\/><br\/><i>Dojo UFRSTAPS<\/i><p><\/div>\n    <\/div>\n    <div class=\"colonne\">\n      <div class=\"jour\">MARDI<\/div>\n      <div class=\"donnee\"><\/div>\n      <div class=\"donnee\"><p><b>Renaud Avenas<\/b><br\/>20h00-22h00<br\/><br\/><i>Dojo Tronchet<\/i><\/p><\/div>\n    <\/div>\n    <div class=\"colonne\">\n      <div class=\"jour\">JEUDI<\/div>\n      <div class=\"donnee\"><p><b>Lionel Magallon<\/b><br\/>12h30-13h30<br\/><br\/><i>Dojo Tronchet<\/i><br\/><\/p><hr class=\"line\"\/><\/div>\n      <div class=\"donnee\"><p><b>Romain Vendrasco<\/b><br\/>18h30-20h00<br\/><b>Cours jeunes*<\/b><br\/><i>Dojo Tronchet<\/i><\/p><\/div>\n    <\/div>\n    <div class=\"colonne\">\n      <div class=\"jour\">VENDREDI<\/div>\n      <div class=\"donnee\"><\/div>\n      <div class=\"donnee\"><p><b>Philippe Montagnier<\/b><br\/>18h30-20h00<br\/><br\/><i>Dojo Tronchet<\/i><p><\/div>\n    <\/div>\n    <div class=\"colonne\">\n      <div class=\"jour\">SAMEDI<\/div>\n      <div class=\"donnee\"><p><b>John Wycliff Nshimiyimana<\/b><br\/>10h00-12h00<br\/><br\/><i>Dojo Tronchet<\/i><\/p><\/div>\n      <div class=\"donnee\"><\/div>\n    <\/div>\n  <\/div>\n\n\n\n<p>* : Les cours jeunes sont propos\u00e9s au enfant de 10 \u00e0 16 ans (les plus de 16 ans pouvant aller aux cours adultes)<\/p>\n\n\n\n<h3 class=\"wp-block-heading\">Lieux d&rsquo;entra\u00eenement<\/h3>\n\n\n\n<div class=\"wp-block-columns is-layout-flex wp-container-core-columns-is-layout-9d6595d7 wp-block-columns-is-layout-flex\">\n<div class=\"wp-block-column is-layout-flow wp-block-column-is-layout-flow\">\n<p class=\"has-text-align-center\"><strong>Dojo Tronchet<\/strong><br>Complexe Sportif Municipal<br>125, rue Tronchet<br>69006 Lyon<br><br><em>Il se trouve au rez de chauss\u00e9e en prenant la porte de droite \u00e0 cot\u00e9 de l&rsquo;accueil.<\/em><br><\/p>\n\n\n\n<iframe src=\"https:\/\/www.google.com\/maps\/embed?pb=!1m18!1m12!1m3!1d5566.158661243622!2d4.854468807145172!3d45.76960037173616!2m3!1f0!2f0!3f0!3m2!1i1024!2i768!4f13.1!3m3!1m2!1s0x47f4ea8e6d02fba5%3A0x8f9309454dbc163e!2s125%20Rue%20Tronchet%2C%2069006%20Lyon!5e0!3m2!1sfr!2sfr!4v1757365608013!5m2!1sfr!2sfr\" width=\"400\" height=\"400\" style=\"border:0;\" allowfullscreen=\"\" loading=\"lazy\" referrerpolicy=\"no-referrer-when-downgrade\"><\/iframe>\n<\/div>\n\n\n\n<div class=\"wp-block-column is-layout-flow wp-block-column-is-layout-flow\">\n<p class=\"has-text-align-center\"><strong>Dojo UFRAPS<\/strong><br>Campus Universitaire de la Doua<br>27-29, Bd du 11 novembre 1918<br>69100 Villeurbanne<br><br><em>En entrant dans le batiment, prenez le couloir de gauche apr\u00e8s avoir descendu les escaliers, c&rsquo;est l&rsquo;avant derni\u00e8re porte sur la droite.<\/em><\/p>\n\n\n\n<iframe src=\"https:\/\/www.google.com\/maps\/embed?pb=!1m18!1m12!1m3!1d2782.505727943002!2d4.861112183715307!3d45.78109506721003!2m3!1f0!2f0!3f0!3m2!1i1024!2i768!4f13.1!3m3!1m2!1s0x47f4eb0020dca955%3A0x1f2642dc4d858fd8!2sComplexe%20Sportif%20Jacques%20Sapin!5e0!3m2!1sfr!2sfr!4v1757365720735!5m2!1sfr!2sfr\" width=\"400\" height=\"400\" style=\"border:0;\" allowfullscreen=\"\" loading=\"lazy\" referrerpolicy=\"no-referrer-when-downgrade\"><\/iframe>\n<\/div>\n<\/div>\n","protected":false},"excerpt":{"rendered":"<p>Calendrier hebdomadaire (Veuillez noter, que le cours du lundi soir est dispens\u00e9 sur le dojo de l&rsquo;UFRAPS et non celui de rue Tronchet) LUNDI Patrick Rappillard12h30-13h30 Dojo Tronchet Philippe Montagnier20h00-22h00 Dojo UFRSTAPS MARDI Renaud Avenas20h00-22h00 Dojo Tronchet JEUDI Lionel Magallon12h30-13h30 Dojo Tronchet Romain Vendrasco18h30-20h00Cours jeunes*Dojo Tronchet VENDREDI Philippe Montagnier18h30-20h00 Dojo Tronchet SAMEDI John Wycliff Nshimiyimana10h00-12h00 [&hellip;]<\/p>\n","protected":false},"author":1,"featured_media":0,"parent":0,"menu_order":0,"comment_status":"closed","ping_status":"closed","template":"","meta":{"footnotes":""},"class_list":["post-38","page","type-page","status-publish","hentry"],"_links":{"self":[{"href":"https:\/\/aikido-lyon.org\/adh4\/wp-json\/wp\/v2\/pages\/38","targetHints":{"allow":["GET"]}}],"collection":[{"href":"https:\/\/aikido-lyon.org\/adh4\/wp-json\/wp\/v2\/pages"}],"about":[{"href":"https:\/\/aikido-lyon.org\/adh4\/wp-json\/wp\/v2\/types\/page"}],"author":[{"embeddable":true,"href":"https:\/\/aikido-lyon.org\/adh4\/wp-json\/wp\/v2\/users\/1"}],"replies":[{"embeddable":true,"href":"https:\/\/aikido-lyon.org\/adh4\/wp-json\/wp\/v2\/comments?post=38"}],"version-history":[{"count":67,"href":"https:\/\/aikido-lyon.org\/adh4\/wp-json\/wp\/v2\/pages\/38\/revisions"}],"predecessor-version":[{"id":123,"href":"https:\/\/aikido-lyon.org\/adh4\/wp-json\/wp\/v2\/pages\/38\/revisions\/123"}],"wp:attachment":[{"href":"https:\/\/aikido-lyon.org\/adh4\/wp-json\/wp\/v2\/media?parent=38"}],"curies":[{"name":"wp","href":"https:\/\/api.w.org\/{rel}","templated":true}]}}

<h3 class="wp-block-heading">Calendrier hebdomadaire</h3>



<p><em>(Veuillez noter, que le cours du lundi soir est dispensé sur le dojo de l&rsquo;UFRAPS et non celui de rue Tronchet)</em></p>



<style>
    /* Container du tableau */
    .tableau {
      display: flex;
      flex-direction: row;
      flex-wrap: wrap;
    }

    /* Colonne = un jour avec ses données */
    .colonne {
      flex: 1 1 18%; /* 5 colonnes = environ 20% chacune */
      box-sizing: border-box;
      border: 1px solid var(--theme-primary-color);
      min-width: 150px;
    }

    /* En-tête du jour */
    .colonne .jour {
      font-weight: bold;
      text-align: center;
      color: #fff;
      background-color: var(--theme-primary-color)
    }

    /* Données */
    .donnee {
      text-align: center;
    }

    .donnee p {
      margin:1em
    }

    .line {
      background-color: var(--theme-primary-color);
      margin:0px;
      height:2px;
    }

    /* Responsive : empiler verticalement les colonnes sur petit écran */
    @media screen and (max-width: 1000px) {
      .tableau {
        flex-direction: column;
      }

      .colonne {
        width: 100%;
      }
    }
</style>
<div class="tableau">
    <div class="colonne">
      <div class="jour">LUNDI</div>
      <div class="donnee"><p><b>Patrick Rappillard</b><br/>12h30-13h30<br/><br/><i>Dojo Tronchet</i><br/></p><hr class="line"/></div>
      <div class="donnee"><p><b>Philippe Montagnier</b><br/>20h00-22h00<br/><br/><i>Dojo UFRSTAPS</i><p></div>
    </div>
    <div class="colonne">
      <div class="jour">MARDI</div>
      <div class="donnee"></div>
      <div class="donnee"><p><b>Renaud Avenas</b><br/>20h00-22h00<br/><br/><i>Dojo Tronchet</i></p></div>
    </div>
    <div class="colonne">
      <div class="jour">JEUDI</div>
      <div class="donnee"><p><b>Lionel Magallon</b><br/>12h30-13h30<br/><br/><i>Dojo Tronchet</i><br/></p><hr class="line"/></div>
      <div class="donnee"><p><b>Romain Vendrasco</b><br/>18h30-20h00<br/><b>Cours jeunes*</b><br/><i>Dojo Tronchet</i></p></div>
    </div>
    <div class="colonne">
      <div class="jour">VENDREDI</div>
      <div class="donnee"></div>
      <div class="donnee"><p><b>Philippe Montagnier</b><br/>18h30-20h00<br/><br/><i>Dojo Tronchet</i><p></div>
    </div>
    <div class="colonne">
      <div class="jour">SAMEDI</div>
      <div class="donnee"><p><b>John Wycliff Nshimiyimana</b><br/>10h00-12h00<br/><br/><i>Dojo Tronchet</i></p></div>
      <div class="donnee"></div>
    </div>
  </div>



<p>* : Les cours jeunes sont proposés au enfant de 10 à 16 ans (les plus de 16 ans pouvant aller aux cours adultes)</p>



<h3 class="wp-block-heading">Lieux d&rsquo;entraînement</h3>



<div class="wp-block-columns is-layout-flex wp-container-core-columns-is-layout-9d6595d7 wp-block-columns-is-layout-flex">
<div class="wp-block-column is-layout-flow wp-block-column-is-layout-flow">
<p class="has-text-align-center"><strong>Dojo Tronchet</strong><br>Complexe Sportif Municipal<br>125, rue Tronchet<br>69006 Lyon<br><br><em>Il se trouve au rez de chaussée en prenant la porte de droite à coté de l&rsquo;accueil.</em><br></p>



<iframe src="https://www.google.com/maps/embed?pb=!1m18!1m12!1m3!1d5566.158661243622!2d4.854468807145172!3d45.76960037173616!2m3!1f0!2f0!3f0!3m2!1i1024!2i768!4f13.1!3m3!1m2!1s0x47f4ea8e6d02fba5%3A0x8f9309454dbc163e!2s125%20Rue%20Tronchet%2C%2069006%20Lyon!5e0!3m2!1sfr!2sfr!4v1757365608013!5m2!1sfr!2sfr" width="400" height="400" style="border:0;" allowfullscreen="" loading="lazy" referrerpolicy="no-referrer-when-downgrade"></iframe>
</div>



<div class="wp-block-column is-layout-flow wp-block-column-is-layout-flow">
<p class="has-text-align-center"><strong>Dojo UFRAPS</strong><br>Campus Universitaire de la Doua<br>27-29, Bd du 11 novembre 1918<br>69100 Villeurbanne<br><br><em>En entrant dans le batiment, prenez le couloir de gauche après avoir descendu les escaliers, c&rsquo;est l&rsquo;avant dernière porte sur la droite.</em></p>



<iframe src="https://www.google.com/maps/embed?pb=!1m18!1m12!1m3!1d2782.505727943002!2d4.861112183715307!3d45.78109506721003!2m3!1f0!2f0!3f0!3m2!1i1024!2i768!4f13.1!3m3!1m2!1s0x47f4eb0020dca955%3A0x1f2642dc4d858fd8!2sComplexe%20Sportif%20Jacques%20Sapin!5e0!3m2!1sfr!2sfr!4v1757365720735!5m2!1sfr!2sfr" width="400" height="400" style="border:0;" allowfullscreen="" loading="lazy" referrerpolicy="no-referrer-when-downgrade"></iframe>
</div>
</div>

<p>Calendrier hebdomadaire (Veuillez noter, que le cours du lundi soir est dispensé sur le dojo de l&rsquo;UFRAPS et non celui de rue Tronchet) LUNDI Patrick Rappillard12h30-13h30 Dojo Tronchet Philippe Montagnier20h00-22h00 Dojo UFRSTAPS MARDI Renaud Avenas20h00-22h00 Dojo Tronchet JEUDI Lionel Magallon12h30-13h30 Dojo Tronchet Romain Vendrasco18h30-20h00Cours jeunes*Dojo Tronchet VENDREDI Philippe Montagnier18h30-20h00 Dojo Tronchet SAMEDI John Wycliff Nshimiyimana10h00-12h00 [&hellip;]</p>
