{"id":161,"date":"2025-09-09T00:51:10","date_gmt":"2025-09-08T22:51:10","guid":{"rendered":"https:\/\/aikido-lyon.org\/adh4\/?page_id=161"},"modified":"2025-09-10T14:33:07","modified_gmt":"2025-09-10T12:33:07","slug":"laikido","status":"publish","type":"page","link":"https:\/\/aikido-lyon.org\/adh4\/laikido\/","title":{"rendered":"L&rsquo;A\u00efkido"},"content":{"rendered":"\n<figure class=\"wp-block-embed is-type-video is-provider-youtube wp-block-embed-youtube wp-embed-aspect-16-9 wp-has-aspect-ratio\"><div class=\"wp-block-embed__wrapper\">\n<iframe loading=\"lazy\" title=\"FFAB Film Rentr\u00e9e 2024 2025\" width=\"525\" height=\"295\" src=\"https:\/\/www.youtube.com\/embed\/VNkBqOHzo_U?feature=oembed\" frameborder=\"0\" allow=\"accelerometer; autoplay; clipboard-write; encrypted-media; gyroscope; picture-in-picture; web-share\" referrerpolicy=\"strict-origin-when-cross-origin\" allowfullscreen><\/iframe>\n<\/div><\/figure>\n\n\n\n<h3 class=\"wp-block-heading\">Vous avez dit A\u00efkido ?<\/h3>\n\n\n<div class=\"wp-block-image\">\n<figure class=\"alignleft size-full is-resized\"><img loading=\"lazy\" decoding=\"async\" width=\"800\" height=\"1051\" src=\"https:\/\/aikido-lyon.org\/adh4\/wp-content\/uploads\/2025\/09\/morihei-ueshiba.jpg\" alt=\"Morihei Ueshiba\" class=\"wp-image-170\" style=\"width:203px;height:auto\"\/><\/figure>\n<\/div>\n\n\n<p><em>&nbsp;Art martial d\u2019origine japonaise cr\u00e9\u00e9 par Morihei UESHIBA (1883-1969), grand pratiquant d\u2019arts martiaux (diverses \u00e9coles de pratique \u00e0 mains nues, sabre, lance), c\u00e9l\u00e8bre dans ce domaine au milieu du XX\u00b0 si\u00e8cle.<\/em><\/p>\n\n\n\n<p>Les techniques d\u2019a\u00efkido sont issues de celles des guerriers samoura\u00ef qui se sont transmises depuis le Moyen Age par l\u2019interm\u00e9diaire de nombreuses \u00e9coles. Ces techniques appliqu\u00e9es en combat s\u2019av\u00e8rent d\u2019une efficacit\u00e9 redoutable.<\/p>\n\n\n\n<p>En a\u00efkido, elles ne visent pas la destruction, ni la domination, ni la comp\u00e9tition sportive. Elles visent \u00e0 \u00e9duquer le corps et l\u2019esprit de l\u2019individu dans le cadre d\u2019une discipline \u00e0 la fois physique et spirituelle o\u00f9 les meilleures valeurs d\u2019un art martial sont conserv\u00e9es. Elles sont effectu\u00e9es sans heurt afin de canaliser le mouvement et la force de l\u2019adversaire et amener celui-ci \u00e0 chuter ou \u00e0 \u00eatre immobilis\u00e9. Elles n\u2019exigent qu\u2019un minimum de force et sont bas\u00e9es sur une non-r\u00e9sistance souple, dynamique et sur une mobilisation adapt\u00e9e de l\u2019\u00e9nergie. Elles allient concentration et respiration.<br>Ma\u00eetre UESHIBA avait orient\u00e9 sa pratique vers une recherche d\u2019harmonie et de paix, la rendant accessible \u00e0 tous, hommes, femmes et enfants pouvant s\u2019exercer sans crainte.<\/p>\n\n\n\n<p>En m\u00ealant pratiques \u00e0 mains nues, avec sabre, poignard ou b\u00e2ton, l\u2019a\u00efkido s\u2019attache \u00e0 d\u00e9velopper, \u00e0 partir et au-del\u00e0 des qualit\u00e9s martiales traditionnelles (courage, rectitude, effort, pers\u00e9v\u00e9rance, vigilance, \u00e9nergie, souplesse, efficacit\u00e9&#8230;), une compr\u00e9hension et un respect profonds de soi-m\u00eame, des autres et de la Nature. Il tente de participer sur le plan culturel \u00e0 la cr\u00e9ation d\u2019une grande et v\u00e9ritable famille humaine o\u00f9 chacun cherche librement sa voie.<\/p>\n\n\n\n<p>L\u2019a\u00efkido se pr\u00e9sente comme \u00ab la Voie de l\u2019Harmonie Spirituelle \u00bb, de la Victoire par la Paix, voulues par le fondateur.<br><strong><br><em>\u00ab Il ne s\u2019agit pas de corriger les hommes, mais de corriger son propre c\u0153ur. C\u2019est cela l\u2019a\u00efkido \u00bb<br><\/em><\/strong><br>L\u2019a\u00efkido a \u00e9t\u00e9 introduit en France au milieu du XX\u00b0 si\u00e8cle par divers experts dont Ma\u00eetre Tadashi ABE, puis d\u00e9velopp\u00e9 par Me NAKAZONO et NORO. En 1964, Nobuyoshi TAMURA fut mandat\u00e9 par Morihei UESHIBA pour le d\u00e9velopper&nbsp;&nbsp;en Europe avec l\u2019aide d\u2019experts tels que Me CHIBA, TADA, ASA\u00cf&#8230; Ma\u00eetre mondialement r\u00e9put\u00e9, N. TAMURA, 8\u00e8me Dan, qui r\u00e9sida en France jusqu&rsquo;\u00e0 sa mort en 2010, \u00e9tait le directeur technique de notre f\u00e9d\u00e9ration.<br>L\u2019a\u00efkido est aujourd\u2019hui pratiqu\u00e9 dans le monde entier.<\/p>\n","protected":false},"excerpt":{"rendered":"<p>Vous avez dit A\u00efkido ? &nbsp;Art martial d\u2019origine japonaise cr\u00e9\u00e9 par Morihei UESHIBA (1883-1969), grand pratiquant d\u2019arts martiaux (diverses \u00e9coles de pratique \u00e0 mains nues, sabre, lance), c\u00e9l\u00e8bre dans ce domaine au milieu du XX\u00b0 si\u00e8cle. Les techniques d\u2019a\u00efkido sont issues de celles des guerriers samoura\u00ef qui se sont transmises depuis le Moyen Age par [&hellip;]<\/p>\n","protected":false},"author":1,"featured_media":0,"parent":0,"menu_order":0,"comment_status":"closed","ping_status":"closed","template":"","meta":{"footnotes":""},"class_list":["post-161","page","type-page","status-publish","hentry"],"_links":{"self":[{"href":"https:\/\/aikido-lyon.org\/adh4\/wp-json\/wp\/v2\/pages\/161","targetHints":{"allow":["GET"]}}],"collection":[{"href":"https:\/\/aikido-lyon.org\/adh4\/wp-json\/wp\/v2\/pages"}],"about":[{"href":"https:\/\/aikido-lyon.org\/adh4\/wp-json\/wp\/v2\/types\/page"}],"author":[{"embeddable":true,"href":"https:\/\/aikido-lyon.org\/adh4\/wp-json\/wp\/v2\/users\/1"}],"replies":[{"embeddable":true,"href":"https:\/\/aikido-lyon.org\/adh4\/wp-json\/wp\/v2\/comments?post=161"}],"version-history":[{"count":12,"href":"https:\/\/aikido-lyon.org\/adh4\/wp-json\/wp\/v2\/pages\/161\/revisions"}],"predecessor-version":[{"id":222,"href":"https:\/\/aikido-lyon.org\/adh4\/wp-json\/wp\/v2\/pages\/161\/revisions\/222"}],"wp:attachment":[{"href":"https:\/\/aikido-lyon.org\/adh4\/wp-json\/wp\/v2\/media?parent=161"}],"curies":[{"name":"wp","href":"https:\/\/api.w.org\/{rel}","templated":true}]}}